564 = 2*m - 25922, m - 9184 = 3*o. What are the prime factors of m?
9181
Let d(s) be the third derivative of s**5/60 - s**4/24 + 11*s**3/3 + 39*s**2. Let l be d(0). List the prime factors of (326/1)/(l + -20).
163
Suppose 55*r + 1262221 - 5340581 = 0. List the prime factors of r.
2, 13, 23, 31
Let o(c) = 311*c**2 - 49*c + 98. List the prime factors of o(2).
2, 311
Let m be ((-24)/28)/(11/(-9317)). What are the prime factors of (m/(-8))/(23/(-92))?
3, 11
Let m be 5/((-75)/805) + 4/6. Let c = m - -81. What are the prime factors of (-108)/(-14)*c/(-8)*-4?
2, 3
Suppose 18*z - 146344 - 90949 = 68869. List the prime factors of z.
73, 233
Suppose 3*o = -3*o + 192. Suppose 4*v + 15 + 1 = 2*n, -5*n - o = 2*v. What are the prime factors of (264/(-9))/(2/v)?
2, 11
Let p(f) = -2*f**3 - 5*f**2 - 2*f - 68. Let t = -86 - -78. List the prime factors of p(t).
2, 163
Suppose 20*r - 17*r = -9. Let u be 3/((-63)/14)*339. List the prime factors of (u/r)/((-10)/(-15)).
113
Let o be (-1 + -6)/(10/(-10)). Let g = -3 + o. What are the prime factors of ((-30)/g)/((-9)/12)?
2, 5
Let h(i) = 793*i**2 + 8*i - 42. List the prime factors of h(9).
3, 31, 691
Suppose 4*v = 5*b + 11, -5*v + 3*v = -5*b - 3. What are the prime factors of (-442 + b)*((-45)/(-9) - 6)?
3, 7
Suppose 0 = -p + 2 + 2. Let b(j) = -j + 466. Let z be b(-39). Suppose g = -p*g + z. What are the prime factors of g?
101
Let s be -1 + (-17)/(-15) + (-20864)/(-120). Suppose -5*g + 2541 + s = 0. List the prime factors of g.
3, 181
Let d(o) be the first derivative of -77*o**2/2 + 4*o - 12. Let p be d(-7). Suppose -93 = 5*l - p. List the prime factors of l.
2, 3, 5
Suppose -100*f = -75*f - 1465325. List the prime factors of f.
58613
Suppose 5*f - 4*r - 106704 = f, 26676 = f + r. List the prime factors of f.
2, 3, 13, 19
Let x(i) = -i**2 - 33*i + 10. Let a be x(-11). Suppose 21*c - 2562 - a = 0. What are the prime factors of c?
2, 67
Suppose 3*v = 2*b - 30003, -2*b - 4*v = -12*v - 29978. List the prime factors of b.
3, 5003
Let m be (-2 + -1)/(1/(0 - 1)). Suppose -m*r + 27 = 3*x, 0*r - 3*r + 5*x = 13. Let d(k) = 22*k - 8. List the prime factors of d(r).
2, 5
Suppose -126*n = 5*t - 127*n - 9315, -n = 4*t - 7452. List the prime factors of t.
3, 23
Suppose 0 = -3*l + 39. Suppose 256 + 108 = l*n. Suppose -3*g = -w + 2*w - 14, g - n = -5*w. List the prime factors of w.
5
Suppose -2*z + 23977 + 79607 = 10*z. What are the prime factors of z?
2, 13, 83
Suppose -2*s = -5*s + 36. Suppose -3*i + 816 = -s. What are the prime factors of 2/(i/268 - 1)?
67
Suppose 4*z - 10218 + 48939 = 3*x, -5*x + 2*z + 64521 = 0. List the prime factors of x.
3, 11, 17, 23
Let p(v) = -v**3 - 5*v**2 - 8*v - 3. Let h = 71 + -74. Let n be p(h). Suppose w - 101 - n = 0. List the prime factors of w.
2, 13
Let o = -1614 - -4103. Suppose 4*w + 369 - o = 0. List the prime factors of w.
2, 5, 53
Suppose 113995 = 115*w - 508845. What are the prime factors of w?
2, 677
Let w = -11 - -35. What are the prime factors of (w/4)/((-21)/(-182))?
2, 13
Let f be (-1)/(-6)*2 - 778/3. Let b = f + 375. Suppose 84 = 8*i - b. List the prime factors of i.
5
Let r(x) = 4357*x**2 + 81*x - 81. List the prime factors of r(1).
4357
Suppose p + 3 = -32. Let k = p - -109. Let n = 45 + k. List the prime factors of n.
7, 17
Let m(x) = 5*x**2 + x - 1. Suppose h - 9 = -8*h. Let k be m(h). Let r = k + 57. What are the prime factors of r?
2, 31
Suppose 4*m + 3*l = 7, -5*m + 2*m + l = -15. Let s be (-4)/(-32)*m*0. What are the prime factors of (-928)/(-8) + s + 1?
3, 13
Let t be 59070/190 - (-4)/38. Suppose 4*r = t + 1217. List the prime factors of r.
2, 191
Let a = -48 + 36. Let t be (a/(-3))/(8/(0 - -4)). Suppose t*i = -4*r + 656, 164 = r - 0*r + i. What are the prime factors of r?
2, 41
Let i(g) = -6*g**3 + 31*g**2 + 10*g - 8. Let h(r) = -5*r**3 + 30*r**2 + 11*r - 8. Let w(m) = 5*h(m) - 4*i(m). What are the prime factors of w(26)?
2, 191
Let d = -95 + 136. Let i = 47 - d. Suppose 34 = -5*h + i*h. List the prime factors of h.
2, 17
Let x = -42 + 1147. Suppose x = 5*c - 2*l, -2*l - 27 = -c + 186. What are the prime factors of c?
223
Suppose -s + 3*s = 854. Let f(c) = 68*c + 17. Let l be f(-3). Let d = l + s. What are the prime factors of d?
2, 3, 5
Let m(j) = -42*j + 9 - 14*j - 70*j + 29*j - 34*j. List the prime factors of m(-12).
3, 17, 31
Suppose 0 = 4*h - 5*c + 4*c + 41, 0 = 5*h + 3*c + 47. What are the prime factors of ((-16)/h)/(46/10350)?
2, 3, 5
Let p(s) be the third derivative of -149*s**4/8 - s**3/6 + 13*s**2. What are the prime factors of p(-1)?
2, 223
Let m = 38623 - 20774. List the prime factors of m.
13, 1373
Suppose 68*t - 2*q = 73*t - 126504, -3*t + 75915 = -3*q. What are the prime factors of t?
2, 3, 4217
Let i(t) = t**3 - 23*t**2 + 50*t + 24. Let z be (-22)/(6/(-3)*-3)*-6. What are the prime factors of i(z)?
2, 5
Let u = -712 - -9. Let m = u + 827. What are the prime factors of m?
2, 31
Let i(l) = 17*l - 22. Let z(g) = -16*g + 21. Let j(v) = 3*i(v) + 4*z(v). Suppose -1 = n - 3*y, 3*n + 3*y + 27 = -0*y. List the prime factors of j(n).
109
Suppose -8*r = -9*r + 21. Suppose -7*s - r = -0*s. Let m(t) = -22*t + 3. List the prime factors of m(s).
3, 23
Let a be (-1)/(((-35)/15)/7). Suppose -5*r + 3008 = -a*y + 508, 0 = 5*y. What are the prime factors of r?
2, 5
Suppose -2*f - 28*s = -29*s - 1312, 2*s - 1961 = -3*f. Let p = -369 + f. List the prime factors of p.
2, 11, 13
Let i = 76 - 22. Let l = i + -73. Let x(s) = s**2 + 15*s + 44. What are the prime factors of x(l)?
2, 3, 5
Let w(n) = n**3 + 3*n**2 + 11*n + 5. Let i be w(-2). Let h(l) = 12*l**2 + 15*l + 92. List the prime factors of h(i).
5, 7, 11
Suppose 3*c + 4*y = 91, -3*c - 5*y = 2*c - 155. Let o be (c/22)/((-6)/(-832)). Suppose -5*k = -15 - 5, -4*u + o = -4*k. List the prime factors of u.
2, 7
What are the prime factors of 98*(-7)/(-49) + 3977?
13, 307
Let j(h) = h**3 + 5*h**2 + 3*h + 9. Let t(d) = 2*d**3 + 9*d**2 + 6*d + 18. Let z(l) = 13*j(l) - 6*t(l). List the prime factors of z(-6).
3, 19
Let o(m) = -8*m**3 - 47*m**2 + 32*m - 294. What are the prime factors of o(-20)?
2, 22133
Let f(x) = 24*x**2 - 38*x - 47. What are the prime factors of f(-6)?
5, 11, 19
Suppose 24 = -8*m - 104. What are the prime factors of (-375 - -3)/(m/24)?
2, 3, 31
Let s = -19608 + 30176. What are the prime factors of s?
2, 1321
List the prime factors of (1 - -1) + -7 - -4113 - -3.
4111
Let b = 401 - 380. Suppose -b*d + 23*d = 854. What are the prime factors of d?
7, 61
Let s(p) = 28*p**2 + 3*p + 5. Let u(n) be the second derivative of -n**4/12 - 13*n**3/6 - 12*n**2 - n. Let y be u(-11). List the prime factors of s(y).
3, 37
Let t(r) = -r**3 + 11*r**2 + 8*r - 10. Let h be t(12). Let y = -60 - h. What are the prime factors of -21*((-130)/91 + y/1)?
2, 3
Suppose -24*f = -81*f + 5628 + 1041. What are the prime factors of f?
3, 13
Suppose -5*q + 0*r = 5*r, 3*r + 3 = -4*q. List the prime factors of 4*q/(-16)*(-10412)/(-19).
3, 137
Let i be 10/50*10/(-6)*27. List the prime factors of (-4822)/i - (154/63)/(-11).
2, 67
Let i = -5819 + 15143. List the prime factors of i.
2, 3, 7, 37
What are the prime factors of (824/(-20))/((-17)/((-3655)/(-2)))?
43, 103
Let n(c) = -c**2 - 17*c + 28. Let i be n(-22). Let o be (2 - i)/(-2) + 9/3. Let k = 15 - o. List the prime factors of k.
2, 3
Let o = -2090 + 3527. Let p = o - 953. Let v = p + -208. What are the prime factors of v?
2, 3, 23
Suppose 5*y + 3*q + 307 = 2*q, 311 = -5*y - 3*q. Let d = y - -66. Suppose -b - 611 = -d*x + b, 371 = 3*x + b. List the prime factors of x.
3, 41
Suppose -55*k = -56*k + 75. Suppose k*n - 84*n + 3438 = 0. What are the prime factors of n?
2, 191
Suppose -3*u + 27 = -12. Let t be (u/(637/(-42)))/((-3)/14). Suppose 96 = 4*l + 5*v, l = -v + t*v + 41. List the prime factors of l.
29
Suppose -4*x - 5*b + 21 + 3 = 0, -b = 0. Let q be 0/x + 0/(-2). List the prime factors of (8/3)/(q - (-2)/42).
2, 7
Suppose -2*z = -b - 2*b + 560, -1418 = 5*z - 3*b. What are the prime factors of ((-18044)/z)/(1/11)?
2, 347
Suppose -6*i = 5*i - 352. List the prime factors of (-48)/i*586/(-3).
293
Suppose 5*o - 4*h = 99419, 60*o + 2*h + 19885 = 61*o. What are the prime factors of o?
59, 337
Suppose -25*v = -19*v + 108. What are the prime factors of 4/v + 10/(-54)*-309?
3, 19
What are the prime factors o